 derivative of -t**8/20160 + t**7/840 + t**6/720 + t**5/20 + 3*t**2. Let p(a) be the third derivative of s(a). Give p(5).
6
Let n(h) = -h**2 + h - 2. Suppose 26*j - 24*j - 6 = 0. What is n(j)?
-8
Let g(k) = -6*k + k**3 + 7*k + k**2 + 2*k**2 + 4. Determine g(-3).
1
Let i(w) = -w - 16. Suppose 3 = -t, 41 = -5*j + 4*t - 12. Let m be i(j). Let g(r) = -r - 1. Give g(m).
2
Let l(h) be the first derivative of h**2/2 + 3*h + 8. Calculate l(-6).
-3
Let n = 57 - 53. Let t(f) = 5*f**2 - 9*f + 5. Let q(b) = -6*b**2 + 10*b - 5. Let j(a) = -4*q(a) - 5*t(a). Give j(n).
-1
Let l(t) = t**3 - 6*t**2 - 8*t + 10. Let x be l(7). Let h(a) = -7 + 0*a + 4*a - x*a + 1. Calculate h(6).
0
Let d = -11 + 13. Let g(j) = j**3 - 6*j**d + 13*j - 14*j + 1 + 4*j**2. What is g(1)?
-1
Let w(x) = 2*x**2 - 4*x + 3. Let k(r) = -4*r**2 + 7*r - 6. Let z(o) = -6*k(o) - 11*w(o). Let q = 79 + -81. Give z(q).
7
Let v(w) = w**3 - 9*w**2 + 4*w - 6. Let z(f) = f**3 - 9*f**2 + 3*f - 5. Let p(b) = 3*v(b) - 4*z(b). Calculate p(9).
2
Let h(q) = 5*q**2 - 6*q - 7. Let x(a) = -a - 4*a**2 + 3*a + 6*a + 6 - 3*a. Let j(r) = -5*h(r) - 6*x(r). Give j(-2).
-5
Let x(y) = y + 1. Let z be 0/(3*8/(-12)). Let v(g) = -g + 3. Let l be v(z). Give x(l).
4
Let r(a) be the third derivative of -a**5/60 + a**4/8 + a**3/2 + 2*a**2. Suppose -3*b - 15 = 9. Let o = b + 13. What is r(o)?
-7
Let g = -20 - -24. Suppose -6 + 22 = -g*l. Let a(r) = r**3 + 6*r**2 + 6*r + 1. Determine a(l).
9
Let u(m) = -35*m**2 - 5*m - 11. Let h(v) = -7*v**2 - v - 2. Let j(l) = -11*h(l) + 2*u(l). Give j(1).
8
Let r(y) = 3*y - 6. Let o = -2 + 1. Let u(t) = -t + 1. Let p(w) = o*r(w) - 2*u(w). Let x be p(2). Let f(c) = -5*c + 3. What is f(x)?
-7
Let w(n) = 3*n**2 + n - 5. Let l(s) = 10*s**2 + 6*s - 13. Let d(g) = 9*g**2 + 5*g - 12. Let q(c) = 5*d(c) - 4*l(c). Let v(i) = 5*q(i) - 8*w(i). Calculate v(4).
4
Let x = -4 - 1. Let j(c) be the second derivative of c**3/3 + 5*c**2/2 + 2*c. Determine j(x).
-5
Let z(c) = -c + 10. Let d be z(7). Let a(f) = 4 + 6 + f - d. Give a(0).
7
Let v be 1*-2 - (-22 - -2). Let o = v - 24. Let h(l) = l**3 + 5*l**2 - 7*l + 1. What is h(o)?
7
Suppose 0 = 2*j - 8 + 6. Let v(a) = -15*a - 1. Determine v(j).
-16
Let o = 9 + -5. Suppose -7*u + 5*s = -2*u + 20, -o*u + 19 = 3*s. Let c(h) = -8*h + 3. Let w(r) = 16*r - 7. Let d(l) = -5*c(l) - 2*w(l). Determine d(u).
7
Let k(m) be the second derivative of -m**4/2 - m**3/6 - m**2/2 - 2*m. Suppose -3*y = -2*l + 20, -4*l = l - 2*y - 28. Suppose l*o = -0*o - 4. Calculate k(o).
-6
Suppose 15 = -p + 9. Let q(u) = -3*u**3 + 0*u**3 + 2*u**3 - 3 - 6*u**2 - u + 2*u. Give q(p).
-9
Let s(b) = -b**3 + 3*b**2 + 2*b + 1. Let u be s(4). Let i(k) = -3*k - 10. Give i(u).
11
Let x(f) = -f**2 + f. Let n = -6 - -8. Let o be x(n). Let u(b) = 3*b**2 + 4*b + 6. Let i(j) = -j**2 - j - 1. Let h(d) = 4*i(d) + u(d). Calculate h(o).
-2
Let d(t) be the first derivative of t**3/3 + 9*t**2/2 + 4*t + 45. Calculate d(-7).
-10
Let o(s) = -s**3 - s**2 + 2*s + 1. Suppose -13*c + 4*c - 18 = 0. Determine o(c).
1
Let q(s) = -s**2 - 4*s - 6. Let n be (1 - 0)*-1*4. Let i = n - -7. Suppose 2*u + 17 = -j + 3, i*j - 3 = 3*u. Calculate q(j).
-6
Let z(t) = 4*t - 1. Suppose -5*o = h - 16, -5*h - 5*o = -0*o - 20. Suppose -h - 15 = 4*b, -3*f = -3*b - 9. Let l(r) = 3*r**3 - r. Let n be l(f). What is z(n)?
-9
Let p(b) = -b**2 + 4*b**2 - b - 2*b**2 - 3 - 2*b. Calculate p(5).
7
Let i(u) = u - 1. Let k(r) = r**2 - r + 2. Let b be k(0). Suppose 4*p = 2*v, 4*p - b*v - 3*v = 0. What is i(p)?
-1
Let a(p) = -2*p**3 - 2*p**2 + 2*p. Suppose -4*y + 55 - 63 = 0. Determine a(y).
4
Let t = 40 + -34. Let w(f) = -f**3 + 7*f**2 - 8*f + 3. Calculate w(t).
-9
Let h(y) = 4*y + 1 - 7*y + y**2 + 5*y - y**3 + 0. Determine h(-1).
1
Let s(f) be the first derivative of -f**4/4 - 2*f**3/3 - f**2/2 - f + 54. Determine s(-3).
11
Let h be (3 - 2 - -2)*-2. Let i(n) = -n**3 - 7*n**2 - 3*n - 7. Let x(r) = r**3 + 7*r**2 + 2*r + 8. Let d(l) = -4*i(l) - 3*x(l). Determine d(h).
4
Let c(u) = -3*u + 0*u**2 + 13*u**3 - 2 + 5*u**2 - 12*u**3. Calculate c(-5).
13
Let b(a) = a**2 + 7. Let l be b(0). Let o = l + -9. Let w(v) = 2*v + 1. What is w(o)?
-3
Let y = 8 - 9. Let v(o) be the second derivative of o**3 + o. Give v(y).
-6
Let o(x) = 4 - x**2 - 3 - 5*x - 3. Give o(-4).
2
Let z = -1 - 1. Let a(g) be the first derivative of g**4/2 + g**3 - 46. Calculate a(z).
-4
Let a(f) be the first derivative of -f**2/2 + 2*f - 8. What is a(-2)?
4
Let a(m) be the first derivative of -3/2*m**2 - 2*m + 2 + m**3 - 1/12*m**4. Let s(q) be the first derivative of a(q). What is s(2)?
5
Let a(d) = 2 - d**2 - 1 - 4 + d**3 + 2*d. Suppose -p + 2*w + 4 = 0, -5*p - 5*w = -6 + 1. Suppose 7 = z - y, -z = -p*y - 0*y - 12. What is a(z)?
5
Let z(f) = f**2 - 5*f. Suppose -14*y + 56 + 14 = 0. Calculate z(y).
0
Let n(a) = a**2 + 11*a. Let g(d) be the third derivative of d**5/60 + 5*d**4/24 + 3*d**2. Let j(f) = -13*g(f) + 6*n(f). Give j(-1).
-8
Suppose -5*n + 7*n = -6. Let x = n - 5. Let u(i) = i**3 + 7*i**2 - 7*i + 4. Give u(x).
-4
Let t(o) = 3*o**2 + 1 - 3*o**2 - 5*o - 5*o**2 + 0*o. Let k(q) = -3*q**2 - 3*q + 1. Let b(v) = 8*k(v) - 5*t(v). Give b(0).
3
Let f be (12 - 3) + (2 + 2)*-1. Let c(h) = 2*h**2 - 8*h + 7. Calculate c(f).
17
Let u be 4/6*(0 + (-27)/(-2)). Let w(m) = -m - 4. Determine w(u).
-13
Let w(b) be the first derivative of -b**2 + 4*b + 1. Let l be (63/14 + -3)/((-3)/(-8)). Calculate w(l).
-4
Let t(j) = -8 - 2*j - j + 7*j - 2*j. Calculate t(6).
4
Suppose -r - 4*u + 34 = -6*u, -14 = -r - 2*u. Let t be ((-1)/3)/((-2)/r). Suppose t*j + j = 0, 0 = i + 5*j. Let q(o) = -o**3 + o**2 + o + 2. Determine q(i).
2
Let c(g) = 15 - 7 - g - 6. Suppose 0*a - 2*a - 6 = -l, 0 = 4*l + 3*a + 31. Give c(l).
6
Let i(h) = -h**2 + 4*h + 3. Let n = 98 - 95. Calculate i(n).
6
Let q = -1 + 8. Let c(k) = q*k**3 + 2*k**2 - 4*k - 3 - 6*k**3 - k**2. What is c(-2)?
1
Let d(n) = -2*n - 1. Let m(q) = q + 1. Let u(r) = 6*d(r) + 7*m(r). Calculate u(-3).
16
Let u = 9 - 5. Suppose -u = -0*s - 2*s. Let k(j) be the first derivative of j**4/4 - 2*j**3/3 + 3*j**2/2 - j - 7. Calculate k(s).
5
Suppose 0*d - 2*d + 4 = 0. Let o(c) = c - 3. Give o(d).
-1
Suppose 3*q - 16 = 2. Let c(j) = -2*j + 0*j - q*j**2 - j**3 + 3 + 6*j**2. Calculate c(2).
-9
Let f(z) = -z**3 - z**2 - 3*z - 1. Let r(v) = -v**2 + 12*v + 17. Let k be r(13). Suppose -4*a + k = -4*j, -j + 3*j = -3*a - 7. Calculate f(j).
9
Let u be (-5*6/(-15))/((-4)/(-6)). Let l(y) = -3*y + 4. Calculate l(u).
-5
Let v(f) = 2*f + 0*f + f + 2. Suppose 0*s + 15 = -5*s. Determine v(s).
-7
Let d(b) = 3*b + 1. Let s be ((-2)/2 + 1)/(-2). Suppose -2*t + t + 1 = s. Suppose -t = n - 0*n. Give d(n).
-2
Let c(m) be the second derivative of -2*m**4/3 - m**3/6 + m**2/2 + m. Suppose 3*l - 6 = -3*l. Determine c(l).
-8
Suppose 0 = -x + w + 5, -3*x = -x + 3*w - 20. Let g(y) = 5 - 9*y + 6*y**2 + 2*y + 2*y**2 - y**3. Let c be g(x). Let m(t) = t**3 - 5*t**2 - t + 3. What is m(c)?
-2
Let m(x) = x**3 - 2*x**2 + x - 2. Let g(w) = -w + 4. Let p(v) = v - 3. Let r(q) = 3*g(q) + 4*p(q). Let n be r(3). Determine m(n).
10
Let x = 1 + -1. Suppose x = -0*i - 4*i - 16. Let k(c) = 7 + 4*c - 5*c + 4*c - 3. What is k(i)?
-8
Let z(v) = -2*v**2 - 25*v - 7. Let q(w) = w**2 + 13*w + 3. Let s(c) = 5*q(c) + 3*z(c). Give s(-10).
-6
Let u(c) be the first derivative of -c**2/2 + 8*c + 4. Determine u(0).
8
Let f(m) = m**2 + 7*m + 7. Suppose 5*r - 3 = 2. Suppose 2*i = 5*q - 1, -i + 0 = -2*q + r. Let o be -2 - (-2)/2*i. Give f(o).
-3
Suppose m - 4 = -2*v - 2, -5*v - 21 = -4*m. Let q(d) = -6*d + 3. Let i(l) = 2*l - 1. Let z(a) = -7*i(a) - 2*q(a). Determine z(v).
3
Let v be 12/(-8)*(15 + 3)/(-3). Let a(w) = -w + 15. Give a(v).
6
Let t(m) = m - 1. Let j(q) = 3*q - 17. Let x(v) = j(v) - 4*t(v). What is x(0)?
-13
Let r(w) be the second derivative of 0*w**3 + 7/20*w**5 + 0*w**4 + 0*w**2 + 6*w + 0. Determine r(1).
7
Let p(g) = 7 - 2*g**3 + 5*g**3 - 4*g - 2*g**3 + 11*g - 7*g**2. What is p(6)?
13
Let q(w) = -10*w + 1. Let s be ((-10)/30)/((-2)/(-6)). What is q(s)?
11
Let h(f) = 3*f + 3. Let d(r) = 16*r + 16. Let l(i) = -2*d(i) + 11*h(i). Calculate l(3).
4
Suppose -2*x + 0*x = -4, -t - 3*x = -9. Let u be -4 - ((-6)/2 + t). Let a(v) = 3*v + 3. What is a(u)?
-9
Suppose -4*l + 0 = 8. Let n be (2 + l + 3)/1. Let a(b) = b**2 - 4. What is a(n)?
5
Let w 